{"id":427,"date":"2024-03-21T21:43:24","date_gmt":"2024-03-21T21:43:24","guid":{"rendered":"https:\/\/radiocomercial.cv\/?page_id=427"},"modified":"2025-12-03T13:48:15","modified_gmt":"2025-12-03T13:48:15","slug":"quinta","status":"publish","type":"page","link":"https:\/\/radiocomercial.cv\/?page_id=427","title":{"rendered":"Quinta"},"content":{"rendered":"\n<figure class=\"wp-block-table\"><table><thead><tr><th class=\"has-text-align-left\" data-align=\"left\">Hor\u00e1rio<\/th><th class=\"has-text-align-left\" data-align=\"left\">Programa\u00e7\u00e3o<\/th><\/tr><\/thead><tbody><tr><td class=\"has-text-align-left\" data-align=\"left\">07:30<\/td><td class=\"has-text-align-left\" data-align=\"left\">Publicidade e agenda de Inf.<\/td><\/tr><tr><td class=\"has-text-align-left\" data-align=\"left\">07:55<\/td><td class=\"has-text-align-left\" data-align=\"left\">Momento Gospel<\/td><\/tr><tr><td class=\"has-text-align-left\" data-align=\"left\">08:00<\/td><td class=\"has-text-align-left\" data-align=\"left\">Mundo \u00e0s 8<\/td><\/tr><tr><td class=\"has-text-align-left\" data-align=\"left\">08:30<\/td><td class=\"has-text-align-left\" data-align=\"left\">Musicas diversas<\/td><\/tr><tr><td class=\"has-text-align-left\" data-align=\"left\">08:45<\/td><td class=\"has-text-align-left\" data-align=\"left\">Farmacia<\/td><\/tr><tr><td class=\"has-text-align-left\" data-align=\"left\">08:55<\/td><td class=\"has-text-align-left\" data-align=\"left\">Santo do dia<\/td><\/tr><tr><td class=\"has-text-align-left\" data-align=\"left\">09:00<\/td><td class=\"has-text-align-left\" data-align=\"left\">Espa\u00e7o dedicat\u00f3ria<\/td><\/tr><tr><td class=\"has-text-align-left\" data-align=\"left\">09:20<\/td><td class=\"has-text-align-left\" data-align=\"left\">Publicidade<\/td><\/tr><tr><td class=\"has-text-align-left\" data-align=\"left\">09:40<\/td><td class=\"has-text-align-left\" data-align=\"left\">Publicidade<\/td><\/tr><tr><td class=\"has-text-align-left\" data-align=\"left\">10:00<\/td><td class=\"has-text-align-left\" data-align=\"left\">Anima\u00e7\u00e3o Dj Djodjo<\/td><\/tr><tr><td class=\"has-text-align-left\" data-align=\"left\">11:00<\/td><td class=\"has-text-align-left\" data-align=\"left\">Show Time<\/td><\/tr><tr><td class=\"has-text-align-left\" data-align=\"left\">11:20<\/td><td class=\"has-text-align-left\" data-align=\"left\">Show Time<\/td><\/tr><tr><td class=\"has-text-align-left\" data-align=\"left\">11:30<\/td><td class=\"has-text-align-left\" data-align=\"left\">Publicidade e agenda de Inf.<\/td><\/tr><tr><td class=\"has-text-align-left\" data-align=\"left\">11:40<\/td><td class=\"has-text-align-left\" data-align=\"left\">Publicidade<\/td><\/tr><tr><td class=\"has-text-align-left\" data-align=\"left\">12:00<\/td><td class=\"has-text-align-left\" data-align=\"left\">Afrikando Mixed (Estreia)<\/td><\/tr><tr><td class=\"has-text-align-left\" data-align=\"left\">12:30<\/td><td class=\"has-text-align-left\" data-align=\"left\">Agenda, Inf. e&nbsp; Publicidade<\/td><\/tr><tr><td class=\"has-text-align-left\" data-align=\"left\">12:40<\/td><td class=\"has-text-align-left\" data-align=\"left\">Agenda, Inf. e&nbsp; Publicidade<\/td><\/tr><tr><td class=\"has-text-align-left\" data-align=\"left\">12h47<\/td><td class=\"has-text-align-left\" data-align=\"left\">Ci\u00eancia e Tecnologia<\/td><\/tr><tr><td class=\"has-text-align-left\" data-align=\"left\">13:00<\/td><td class=\"has-text-align-left\" data-align=\"left\">Jornal da tarde<\/td><\/tr><tr><td class=\"has-text-align-left\" data-align=\"left\">13:30<\/td><td class=\"has-text-align-left\" data-align=\"left\">Agenda, Inf. e&nbsp; Publicidade<\/td><\/tr><tr><td class=\"has-text-align-left\" data-align=\"left\">13:45<\/td><td class=\"has-text-align-left\" data-align=\"left\">Desporto (TSF)<\/td><\/tr><tr><td class=\"has-text-align-left\" data-align=\"left\">&nbsp;<\/td><td class=\"has-text-align-left\" data-align=\"left\">&nbsp;<\/td><\/tr><tr><td class=\"has-text-align-left\" data-align=\"left\">14:00<\/td><td class=\"has-text-align-left\" data-align=\"left\">Musica M\u00e1xima<\/td><\/tr><tr><td class=\"has-text-align-left\" data-align=\"left\">14:20<\/td><td class=\"has-text-align-left\" data-align=\"left\">Publicidade<\/td><\/tr><tr><td class=\"has-text-align-left\" data-align=\"left\">15:00<\/td><td class=\"has-text-align-left\" data-align=\"left\">Reposi\u00e7\u00e3o Jornal da tarde<\/td><\/tr><tr><td class=\"has-text-align-left\" data-align=\"left\">15:20<\/td><td class=\"has-text-align-left\" data-align=\"left\">Publicidade e agenda de Inf.<\/td><\/tr><tr><td class=\"has-text-align-left\" data-align=\"left\">15:45<\/td><td class=\"has-text-align-left\" data-align=\"left\">Desporto TSF (reposi\u00e7\u00e3o)<\/td><\/tr><tr><td class=\"has-text-align-left\" data-align=\"left\">15:55<\/td><td class=\"has-text-align-left\" data-align=\"left\">Data comemorativa<\/td><\/tr><tr><td class=\"has-text-align-left\" data-align=\"left\">16:00<\/td><td class=\"has-text-align-left\" data-align=\"left\">Tarde R\u00e1dio Comercial<\/td><\/tr><tr><td class=\"has-text-align-left\" data-align=\"left\">16:10<\/td><td class=\"has-text-align-left\" data-align=\"left\">Publicidade<\/td><\/tr><tr><td class=\"has-text-align-left\" data-align=\"left\">16:40<\/td><td class=\"has-text-align-left\" data-align=\"left\">Publicidade<\/td><\/tr><tr><td class=\"has-text-align-left\" data-align=\"left\">16:55<\/td><td class=\"has-text-align-left\" data-align=\"left\">Flash de noticia<\/td><\/tr><tr><td class=\"has-text-align-left\" data-align=\"left\">17:00<\/td><td class=\"has-text-align-left\" data-align=\"left\">Top 9<\/td><\/tr><tr><td class=\"has-text-align-left\" data-align=\"left\">17:20<\/td><td class=\"has-text-align-left\" data-align=\"left\">Publicidade<\/td><\/tr><tr><td class=\"has-text-align-left\" data-align=\"left\">17:40<\/td><td class=\"has-text-align-left\" data-align=\"left\">Publicidade<\/td><\/tr><tr><td class=\"has-text-align-left\" data-align=\"left\">18:00<\/td><td class=\"has-text-align-left\" data-align=\"left\">Atrav\u00e9s da Biblia<\/td><\/tr><tr><td class=\"has-text-align-left\" data-align=\"left\">18:30<\/td><td class=\"has-text-align-left\" data-align=\"left\">Publicidade e agenda de Inf.<\/td><\/tr><tr><td class=\"has-text-align-left\" data-align=\"left\">18:45<\/td><td class=\"has-text-align-left\" data-align=\"left\">reposi\u00e7\u00e3o de Ci\u00eancia&nbsp; Tecnologia<\/td><\/tr><tr><td class=\"has-text-align-left\" data-align=\"left\">19:05<\/td><td class=\"has-text-align-left\" data-align=\"left\">reposi\u00e7\u00e3o de Farm\u00e1cia<\/td><\/tr><tr><td class=\"has-text-align-left\" data-align=\"left\">19:10<\/td><td class=\"has-text-align-left\" data-align=\"left\">Publicidade e agenda de Inf.<\/td><\/tr><tr><td class=\"has-text-align-left\" data-align=\"left\">19:15<\/td><td class=\"has-text-align-left\" data-align=\"left\">Desporto&nbsp; (TSF)<\/td><\/tr><tr><td class=\"has-text-align-left\" data-align=\"left\">19:30<\/td><td class=\"has-text-align-left\" data-align=\"left\">Voz de Am\u00e9rica (VOA)<\/td><\/tr><tr><td class=\"has-text-align-left\" data-align=\"left\">20:30<\/td><td class=\"has-text-align-left\" data-align=\"left\">Fala Cora\u00e7\u00e3o<\/td><\/tr><tr><td class=\"has-text-align-left\" data-align=\"left\">23:00<\/td><td class=\"has-text-align-left\" data-align=\"left\">Super Kizomba<\/td><\/tr><\/tbody><\/table><\/figure>\n","protected":false},"excerpt":{"rendered":"<p>Hor\u00e1rio Programa\u00e7\u00e3o 07:30 Publicidade e agenda de Inf. 07:55 Momento Gospel 08:00 Mundo \u00e0s 8 08:30 Musicas diversas 08:45 Farmacia 08:55 Santo do dia 09:00 Espa\u00e7o dedicat\u00f3ria 09:20 Publicidade 09:40 Publicidade 10:00 Anima\u00e7\u00e3o Dj Djodjo 11:00 Show Time 11:20 Show Time 11:30 Publicidade e agenda de Inf. 11:40 Publicidade 12:00 Afrikando Mixed (Estreia) 12:30 Agenda,<br \/><a class=\"moretag\" href=\"https:\/\/radiocomercial.cv\/?page_id=427\">+ Read More<\/a><\/p>\n","protected":false},"author":1,"featured_media":0,"parent":0,"menu_order":0,"comment_status":"closed","ping_status":"closed","template":"templates\/page-fullwidth_template.php","meta":{"footnotes":""},"class_list":["post-427","page","type-page","status-publish","hentry"],"featured_image_src":false,"featured_image_src_square":false,"rbea_author_info":{"display_name":"admin","author_link":"https:\/\/radiocomercial.cv\/?author=1"},"rbea_excerpt_info":"Hor\u00e1rio Programa\u00e7\u00e3o 07:30 Publicidade e agenda de Inf. 07:55 Momento Gospel 08:00 Mundo \u00e0s 8 08:30 Musicas diversas 08:45 Farmacia 08:55 Santo do dia 09:00 Espa\u00e7o dedicat\u00f3ria 09:20 Publicidade 09:40 Publicidade 10:00 Anima\u00e7\u00e3o Dj Djodjo 11:00 Show Time 11:20 Show Time 11:30 Publicidade e agenda de Inf. 11:40 Publicidade 12:00 Afrikando Mixed (Estreia) 12:30 Agenda,<br><a class=\"moretag\" href=\"https:\/\/radiocomercial.cv\/?page_id=427\">+ Read More<\/a>","_links":{"self":[{"href":"https:\/\/radiocomercial.cv\/index.php?rest_route=\/wp\/v2\/pages\/427","targetHints":{"allow":["GET"]}}],"collection":[{"href":"https:\/\/radiocomercial.cv\/index.php?rest_route=\/wp\/v2\/pages"}],"about":[{"href":"https:\/\/radiocomercial.cv\/index.php?rest_route=\/wp\/v2\/types\/page"}],"author":[{"embeddable":true,"href":"https:\/\/radiocomercial.cv\/index.php?rest_route=\/wp\/v2\/users\/1"}],"replies":[{"embeddable":true,"href":"https:\/\/radiocomercial.cv\/index.php?rest_route=%2Fwp%2Fv2%2Fcomments&post=427"}],"version-history":[{"count":5,"href":"https:\/\/radiocomercial.cv\/index.php?rest_route=\/wp\/v2\/pages\/427\/revisions"}],"predecessor-version":[{"id":2471,"href":"https:\/\/radiocomercial.cv\/index.php?rest_route=\/wp\/v2\/pages\/427\/revisions\/2471"}],"wp:attachment":[{"href":"https:\/\/radiocomercial.cv\/index.php?rest_route=%2Fwp%2Fv2%2Fmedia&parent=427"}],"curies":[{"name":"wp","href":"https:\/\/api.w.org\/{rel}","templated":true}]}}